5*v**2 + 1159*v + 1443. Give r(-76).
-1
Let u(m) = m**2 + 32*m + 242. Give u(-13).
-5
Let f(x) = 4*x**2 + 159*x + 117. Determine f(-39).
0
Let d(u) = -9*u + 349. Determine d(15).
214
Let t(r) = 1022*r - 307616. Give t(301).
6
Let h(c) = 20*c - 151. What is h(5)?
-51
Let a(r) = -27*r + 1704. What is a(64)?
-24
Let w(t) = -178*t - 24746. Determine w(-139).
-4
Let x(y) = 16*y - 47. Give x(8).
81
Let j(o) = -1137*o + 5677. Determine j(5).
-8
Let k(i) = -3860*i + 15438. What is k(4)?
-2
Let c(t) = 98*t + 60. What is c(0)?
60
Let r(z) = -z**3 - 6*z**2 + 7*z - 187. Give r(-9).
-7
Let g(q) = 35*q**2 - 2105*q + 296. What is g(60)?
-4
Let g(r) = 51*r**3 - 4*r**2 + 3*r + 6. Determine g(2).
404
Let y(k) = -17*k + 397. Calculate y(23).
6
Let z(g) = -g**3 + 26*g**2 + 918*g + 88. Calculate z(46).
-4
Let s(m) = 24*m + 352. What is s(4)?
448
Let a(m) = -9*m**2 + 39*m + 1756. What is a(-12)?
-8
Let o(d) = -d**2 + 63*d - 84. Calculate o(61).
38
Let o(v) = 2*v**3 + 34*v**2 - 73*v + 91. Calculate o(-19).
34
Let j(i) = i**3 + 22*i**2 - 278*i - 18. Calculate j(9).
-9
Let b(i) = -2*i**3 + 38*i**2 - 56*i - 214. Give b(17).
-10
Let w(z) = -z**3 + 8*z**2 + 32*z - 205. What is w(10)?
-85
Let s(m) = m**3 - 43*m**2 + 67*m + 619. What is s(41)?
4
Let p(q) = 56*q - 5. Give p(-5).
-285
Let c(i) = -76*i + 4945. Determine c(65).
5
Let x(w) = w**3 + 7*w**2 - 25*w - 53. What is x(-9)?
10
Let z(q) = -3*q**3 + 2*q**2 + 5*q - 16. Determine z(-3).
68
Let c(q) = -2*q**2 + 31*q + 1057. Calculate c(32).
1
Let m(r) = -25*r - 106. Give m(-4).
-6
Let n(b) = -4*b**3 + 21*b**2 + 32*b - 52. Give n(6).
32
Let h(g) = 31*g + 160. Calculate h(-12).
-212
Let a(o) = -o**2 + 101*o - 2514. Give a(45).
6
Let d(g) = g**2 - 37*g - 143. Give d(-4).
21
Let o(c) = 184*c - 20386. Determine o(111).
38
Let o(r) = -r**3 - 18*r**2 - 50*r + 12. Give o(-11).
-285
Let f(u) = 20*u - 1503. Give f(76).
17
Let n(u) = -u**3 - 4*u**2 - 36*u - 359. Give n(-7).
40
Let i(s) = -s**2 - 26*s + 18. What is i(6)?
-174
Let p(k) = 3*k**2 + 2*k + 58. Determine p(-6).
154
Let t(f) = -f**3 + 37*f**2 - 92*f - 100. Determine t(34).
240
Let n(p) = -3*p**2 + 199*p + 173. Determine n(68).
-167
Let p(d) = -356*d**3 + d**2 + 2*d + 2. Calculate p(-1).
357
Let p(i) = i**3 + 6*i**2 - 30*i - 156. Determine p(-4).
-4
Let u(p) = 272*p + 17926. Determine u(-66).
-26
Let d(i) = 491*i + 21121. Determine d(-43).
8
Let u(a) = -6*a**3 - 132*a**2 + 2*a + 41. Determine u(-22).
-3
Let w(i) = 30*i**2 - 50*i - 42. Give w(5).
458
Let t(m) = m**3 + 5*m**2 - 30*m - 24. Determine t(-7).
88
Let l(d) = -7*d**2 + 159*d + 200. Give l(24).
-16
Let r(g) = -2*g**3 + 7*g**2 + 3*g + 5. What is r(5)?
-55
Let x(n) = -11*n - 578. What is x(-52)?
-6
Let y(q) = q**3 + 120*q**2 + 362*q + 1283. What is y(-117)?
-4
Let f(k) = 9681*k + 19361. Determine f(-2).
-1
Let c(s) = -s**2 + 22*s + 669. Determine c(39).
6
Let d(g) = -g**3 + 9*g**2 + 159*g + 420. Calculate d(-6).
6
Let u(j) = 81*j - 5180. What is u(67)?
247
Let b(t) = -216*t + 6054. What is b(28)?
6
Let k(v) = v**3 + 11*v**2 - 163*v - 1793. What is k(-11)?
0
Let o(w) = -3*w**3 - 19*w**2 + 10*w + 1. What is o(-6)?
-95
Let t(z) = 12*z**2 - 257*z - 157. What is t(22)?
-3
Let x(f) = -f**2 - 68*f + 1654. Calculate x(-87).
1
Let l(j) = -j**2 - 94*j - 876. Determine l(-10).
-36
Let u(o) = o**2 + 669*o + 11744. Give u(-18).
26
Let u(j) = 2*j**3 + 59*j**2 + 38*j + 264. Determine u(-29).
3
Let k(p) = -86*p - 17691. Determine k(-206).
25
Let i(w) = w**2 + 32*w - 84. Determine i(-37).
101
Let t(c) = -16*c + 558. Give t(42).
-114
Let d(w) = -w**2 - 12*w + 686. Calculate d(21).
-7
Let v(k) = k**2 + 113*k - 8809. Determine v(-166).
-11
Let k(u) = -33*u - 961. Give k(-28).
-37
Let a(u) = -531*u**2 + 16*u - 17. Calculate a(1).
-532
Let v(r) = 3*r**3 + 22*r**2 + 13*r + 34. Give v(-7).
-8
Let a(m) = -4350*m - 78301. Determine a(-18).
-1
Let t(k) = -k**3 - 55*k**2 - 21*k - 1133. What is t(-55)?
22
Let z(i) = i**2 - 41*i + 26. Calculate z(40).
-14
Let k(i) = 11*i + 322. Determine k(-32).
-30
Let a(y) = -2*y**3 - 88*y**2 + 18*y + 809. Determine a(-44).
17
Let p(a) = a**2 + 44*a - 5. What is p(-46)?
87
Let z(j) = -j**3 + 20*j**2 - 19*j - 150. Determine z(18).
156
Let o(g) = -12*g - 405. What is o(-41)?
87
Let q(f) = -3*f**2 - 44*f + 82. Determine q(-15).
67
Let x(c) = 37*c - 205. Calculate x(8).
91
Let g(l) = -426*l - 146547. Calculate g(-344).
-3
Let m(r) = 2*r**2 + 6*r + 11. Determine m(7).
151
Let n(g) = -129*g + 1540. Calculate n(12).
-8
Let v(t) = 2*t**3 - 111*t**2 - 223*t - 3881. What is v(58)?
5
Let w(j) = -33*j**3 - 7*j**2 + j + 4. Determine w(3).
-947
Let m(k) = 199*k - 1132. Determine m(5).
-137
Let k(r) = -r**2 - 11*r + 44. Determine k(5).
-36
Let p(k) = -2*k**2 + 121*k - 554. Determine p(56).
-50
Let r(h) = 16*h**2 + 75*h - 418. Give r(6).
608
Let a(n) = -n**3 - 12*n**2 + 14*n + 19. Calculate a(-11).
-256
Let u(p) = 6*p**2 - 54*p + 10. What is u(10)?
70
Let w(c) = 19*c**2 + 13*c - 21. Calculate w(2).
81
Let m(g) = 16*g**3 - 83*g**2 + 6*g + 8. Determine m(5).
-37
Let v(t) = -29*t - 128. Determine v(-6).
46
Let o(n) = -306*n + 3251. What is o(11)?
-115
Let x(c) = 5*c - 363. Give x(9).
-318
Let s(r) = -505*r**2 - 1010*r - 6. Calculate s(-2).
-6
Let c(v) = -4*v**2 - 11*v + 66. Determine c(-6).
-12
Let m(b) = 2*b**2 - 322*b + 8296. Determine m(32).
40
Let p(b) = -b**2 - 223*b + 23868. Calculate p(79).
10
Let t(q) = -4*q**2 - 65*q + 40. Determine t(-17).
-11
Let o(n) = 2*n**3 + 41*n**2 - 137*n + 80. Give o(-23).
586
Let d(g) = -g**2 - 14*g + 74. Give d(-19).
-21
Let a(v) = -v**3 - 19*v**2 - 29*v + 82. Determine a(-17).
-3
Let g(w) = -w**2 + 78*w - 140. Calculate g(76).
12
Let z(y) = y**3 - 17*y**2 - 37*y + 108. What is z(19)?
127
Let x(i) = 4978*i - 139387. What is x(28)?
-3
Let y(l) = -7*l**3 - 390*l**2 + 111*l + 99. What is y(-56)?
155
Let c(o) = 27*o - 757. Calculate c(48).
539
Let f(q) = -21*q + 19. Give f(14).
-275
Let m(o) = -5*o - 78. Give m(22).
-188
Let d(o) = -54*o - 3890. Give d(-72).
-2
Let i(v) = 15*v**2 + 7*v + 14. Calculate i(-3).
128
Let r(z) = -z**2 + 5*z + 48. Give r(-7).
-36
Let s(d) = d**2 + 12*d - 85. What is s(-18)?
23
Let l(y) = 5*y**2 + 779*y - 88. Determine l(-156).
68
Let t(j) = -49*j**2 - 34*j + 28. What is t(1)?
-55
Let j(d) = -7*d**2 - 225*d - 1117. Give j(-26).
1
Let j(m) = -143*m + 12761. What is j(89)?
34
Let a(i) = 38*i**3 - 3*i**2 + 8*i - 13. Determine a(2).
295
Let t(p) = -p**3 + 24*p**2 - 46*p + 44. Give t(22).
0
Let b(l) = -3*l**2 + 14*l - 7. Calculate b(3).
8
Let n(a) = -a**3 + 32*a**2 - 4*a - 222. Calculate n(31).
615
Let s(a) = -a**2 + 59*a - 354. Calculate s(61).
-476
Let h(c) = 3*c**2 - 70*c + 172. Calculate h(20).
-28
Let k(f) = -1973*f + 3943. Give k(2).
-3
Let s(r) = 8*r + 84. Determine s(10).
164
Let v(p) = 18*p**2 - 50*p + 45. What is v(3)?
57
Let a(u) = u**3 + 52*u**2 - 2460*u - 2. Give a(30).
-2
Let f(u) = 872*u + 13059. Determine f(-15).
-21
Let b(h) = 263*h - 191. Determine b(0).
-191
Let u(l) = -l**2 - 391*l - 1926. What is u(-5)?
4
Let p(q) = -q**3 - 4*q**2 + 10*q - 4. Calculate p(0).
-4
Let x(c) = c**3 + 31*c**2 + 4*c + 78. Determine x(-31).
-46
Let j(t) = -t**3 - 4*t**2 + 34*t + 36. Give j(-9).
135
Let g(a) = -39*a + 3713. What is g(95)?
8
Let o(s) = s**2 - 35*s - 620. Determine o(47).
-56
Let i(o) = -o**2 + 24*o + 407. What is i(43)?
-410
Let t(u) = u**3 + 5*u**2 + u - 38. Determine t(-5).
-43
Let f(o) = 567*o + 14216. What is f(-25)?
41
Let b(k) = -2*k**3 - 44*k**2 - 33*k + 108. Give b(-21).
-81
Let j(o) = -o**2 + 47*o + 29. Determine j(48).
-19
Let y(z) = -z**3 + 12*z**2 - 40*z + 20. What is y(9)?
-97
Let j(r) = r**2 + 150*r - 7378. Calculate j(39).
-7
Let o(g) = 2*g**2 + 40*g + 187. Determine o(-13).
5
Let o(h) = -14*h**2 - 697*h + 888. Calculate o(-51).
21
Let t(c) = -32*c + 110. Give t(3).
14
Let l(u) = 193*u**2 - 38*u + 10. Calculate l(1).
165
Let s(o) = -o**2 + 60*o - 763. Calculate s(41).
16
Let f(y) = -y**2 + 26*y - 131. Determine f(19).
2
Let d(u) = -8*u**2 - 1310*u - 2288. Give d(-162).
-20
Let n(t) = -t**2 + 18*t - 14. Give n(18).
-14
Let a(z) = -z**3 + 10*z**2 + 4*z - 56. Give a(7).
119
Let n(b) = -64*b + 571. Give n(17).
-517
Let w(f) = -f**3 - 43*f**2 + 85*f - 220. Give w(-45).
5
Let h(a) = -859*a + 3. Calculate h(0).
3
Let q(s) = -s**3 + 15*s**2 - 30*s + 20. What 